 divided by 265?
207
What is the remainder when 17685 is divided by 5883?
36
Calculate the remainder when 342 is divided by 234.
108
What is the remainder when 1377802 is divided by 611?
608
Calculate the remainder when 48158 is divided by 1852.
6
Calculate the remainder when 1446 is divided by 34.
18
Calculate the remainder when 4714 is divided by 1229.
1027
Calculate the remainder when 1221 is divided by 218.
131
Calculate the remainder when 645 is divided by 93.
87
Calculate the remainder when 2385023 is divided by 25.
23
What is the remainder when 2919 is divided by 60?
39
Calculate the remainder when 4306 is divided by 1429.
19
Calculate the remainder when 5211 is divided by 961.
406
What is the remainder when 917906 is divided by 30?
26
What is the remainder when 306 is divided by 162?
144
Calculate the remainder when 872229 is divided by 11.
6
What is the remainder when 21341 is divided by 15?
11
Calculate the remainder when 20860 is divided by 257.
43
What is the remainder when 1554848 is divided by 71?
19
Calculate the remainder when 64844 is divided by 1707.
1685
Calculate the remainder when 2302 is divided by 23.
2
Calculate the remainder when 2703 is divided by 9.
3
Calculate the remainder when 17850 is divided by 17847.
3
What is the remainder when 435930 is divided by 435925?
5
Calculate the remainder when 76693 is divided by 38342.
9
Calculate the remainder when 4054 is divided by 1141.
631
What is the remainder when 6570 is divided by 121?
36
What is the remainder when 675586 is divided by 90?
46
Calculate the remainder when 5299 is divided by 5.
4
What is the remainder when 7452 is divided by 197?
163
Calculate the remainder when 12139 is divided by 37.
3
Calculate the remainder when 22117 is divided by 22074.
43
What is the remainder when 13581 is divided by 55?
51
What is the remainder when 10525 is divided by 5259?
7
Calculate the remainder when 17301 is divided by 2215.
1796
What is the remainder when 1034 is divided by 1002?
32
What is the remainder when 87222 is divided by 84?
30
What is the remainder when 32789 is divided by 16394?
1
Calculate the remainder when 955411 is divided by 747.
745
Calculate the remainder when 307 is divided by 146.
15
Calculate the remainder when 579 is divided by 42.
33
Calculate the remainder when 893962 is divided by 138.
136
Calculate the remainder when 9230 is divided by 50.
30
What is the remainder when 500 is divided by 481?
19
Calculate the remainder when 6191 is divided by 1235.
16
Calculate the remainder when 2990859 is divided by 882.
879
Calculate the remainder when 1013540 is divided by 3109.
6
What is the remainder when 114082 is divided by 28518?
10
What is the remainder when 58867 is divided by 156?
55
Calculate the remainder when 1096 is divided by 488.
120
What is the remainder when 11045 is divided by 4692?
1661
What is the remainder when 3947184 is divided by 39?
33
Calculate the remainder when 27100 is divided by 13542.
16
What is the remainder when 27191 is divided by 200?
191
Calculate the remainder when 65487 is divided by 79.
75
What is the remainder when 447 is divided by 337?
110
What is the remainder when 19592 is divided by 464?
104
Calculate the remainder when 3879 is divided by 1813.
253
Calculate the remainder when 80311 is divided by 13384.
7
Calculate the remainder when 105200 is divided by 82.
76
What is the remainder when 1427 is divided by 283?
12
What is the remainder when 120979 is divided by 2467?
96
Calculate the remainder when 2334057 is divided by 90.
87
What is the remainder when 223444 is divided by 23?
22
What is the remainder when 4137 is divided by 1034?
1
Calculate the remainder when 29425 is divided by 17.
15
What is the remainder when 366683 is divided by 366672?
11
What is the remainder when 1790 is divided by 93?
23
Calculate the remainder when 2057 is divided by 148.
133
What is the remainder when 449009 is divided by 2108?
5
Calculate the remainder when 15128 is divided by 192.
152
Calculate the remainder when 1602 is divided by 61.
16
What is the remainder when 14125 is divided by 7052?
21
Calculate the remainder when 260 is divided by 12.
8
Calculate the remainder when 5306 is divided by 48.
26
Calculate the remainder when 110067 is divided by 16.
3
Calculate the remainder when 2736 is divided by 40.
16
Calculate the remainder when 2940 is divided by 33.
3
What is the remainder when 1441 is divided by 144?
1
What is the remainder when 256519 is divided by 53?
52
Calculate the remainder when 19556 is divided by 21.
5
Calculate the remainder when 695013 is divided by 347493.
27
Calculate the remainder when 339230 is divided by 4846.
10
Calculate the remainder when 225193 is divided by 17.
11
Calculate the remainder when 28737 is divided by 30.
27
Calculate the remainder when 6769 is divided by 158.
133
Calculate the remainder when 5396 is divided by 103.
40
What is the remainder when 96820 is divided by 4?
0
Calculate the remainder when 12556 is divided by 380.
16
Calculate the remainder when 12898 is divided by 136.
114
What is the remainder when 23960 is divided by 570?
20
What is the remainder when 22100 is divided by 1100?
100
Calculate the remainder when 12706 is divided by 62.
58
What is the remainder when 19913 is divided by 792?
113
What is the remainder when 10047 is divided by 24?
15
Calculate the remainder when 2674 is divided by 149.
141
What is the remainder when 110111 is divided by 246?
149
What is the remainder when 807932 is divided by 6?
2
What is the remainder when 100165 is divided by 335?
0
Calculate the remainder when 3242 is divided by 39.
5
What is the remainder when 130 is divided by 46?
38
Calculate the remainder when 949522 is divided by 1181.
1179
What is the remainder when 15065 is divided by 1215?
485
Calculate the remainder when 248402 is divided by 49679.
7
What is the remainder when 440710 is divided by 38?
24
Calculate the remainder when 8198 is divided by 7569.
629
Calculate the remainder when 23833 is divided by 45.
28
What is the remainder when 13861 is divided by 480?
421
Calculate the remainder when 3075 is divided by 13.
7
Calculate the remainder when 32600 is divided by 1124.
4
Calculate the remainder when 4193 is divided by 9.
8
Calculate the remainder when 408524 is divided by 177.
8
Calculate the remainder when 110106 is divided by 147.
3
What is the remainder when 64733 is divided by 952?
949
Calculate the remainder when 88912 is divided by 43.
31
What is the remainder when 6976629 is divided by 708?
705
What is the remainder when 110859 is divided by 482?
481
Calculate the remainder when 146159 is divided by 232.
231
What is the remainder when 83164 is divided by 82795?
369
Calculate the remainder when 3723517 is divided by 32.
29
What is the remainder when 317971 is divided by 79492?
3
What is the remainder when 173292 is divided by 56?
28
Calculate the remainder when 2004 is divided by 247.
28
What is the remainder when 123533 is divided by 16?
13
Calculate the remainder when 92218 is divided by 30704.
106
Calculate the remainder when 5610 is divided by 102.
0
Calculate the remainder when 25633 is divided by 6244.
657
Calculate the remainder when 1076 is divided by 121.
108
What is the remainder when 10238 is divided by 928?
30
Calculate the remainder when 116461 is divided by 21.
16
Calculate the remainder when 71403 is divided by 1617.
255
Calculate the remainder when 14392 is divided by 628.
576
Calculate the remainder when 45233 is divided by 22480.
273
What is the remainder when 280149 is divided by 72?
69
Calculate the remainder when 48024 is divided by 16.
8
Calculate the remainder when 80036 is divided by 265.
6
Calculate the remainder when 337 is divided by 130.
77
Calculate the remainder when 34559 is divided by 339.
320
What is the remainder when 403 is divided by 35?
18
Calculate the remainder when 1976 is divided by 822.
332
Calculate the remainder when 175057 is divided by 43760.
17
Calculate the remainder when 734937 is divided by 270.
267
What is the remainder when 4447 is divided by 176?
47
Calculate the remainder when 6079 is divided by 1991.
106
What is the remainder when 4046 is divided by 173?
67
Calculate the remainder when 53709 is divided by 292.
273
What is the 